is divided by 109.
70
What is the remainder when 267 is divided by 55?
47
What is the remainder when 1468 is divided by 1411?
57
Calculate the remainder when 1651 is divided by 4.
3
Calculate the remainder when 68 is divided by 42.
26
Calculate the remainder when 789 is divided by 18.
15
Calculate the remainder when 1574 is divided by 48.
38
What is the remainder when 943 is divided by 21?
19
What is the remainder when 2319 is divided by 211?
209
Calculate the remainder when 2645 is divided by 14.
13
Calculate the remainder when 10440 is divided by 5218.
4
Calculate the remainder when 214 is divided by 47.
26
What is the remainder when 70 is divided by 2?
0
What is the remainder when 2096 is divided by 416?
16
What is the remainder when 301 is divided by 24?
13
Calculate the remainder when 3443 is divided by 41.
40
Calculate the remainder when 607 is divided by 47.
43
Calculate the remainder when 3885 is divided by 775.
10
Calculate the remainder when 1041 is divided by 257.
13
What is the remainder when 312 is divided by 24?
0
Calculate the remainder when 193 is divided by 84.
25
Calculate the remainder when 1423 is divided by 57.
55
Calculate the remainder when 232 is divided by 116.
0
Calculate the remainder when 4926 is divided by 7.
5
What is the remainder when 267 is divided by 29?
6
What is the remainder when 1623 is divided by 28?
27
What is the remainder when 7118 is divided by 63?
62
Calculate the remainder when 43 is divided by 29.
14
Calculate the remainder when 5 is divided by 4.
1
Calculate the remainder when 337 is divided by 64.
17
Calculate the remainder when 674 is divided by 135.
134
Calculate the remainder when 820 is divided by 334.
152
Calculate the remainder when 1823 is divided by 183.
176
Calculate the remainder when 1288 is divided by 34.
30
Calculate the remainder when 167 is divided by 12.
11
Calculate the remainder when 98 is divided by 25.
23
What is the remainder when 64 is divided by 40?
24
What is the remainder when 70 is divided by 32?
6
What is the remainder when 430 is divided by 210?
10
What is the remainder when 17 is divided by 14?
3
Calculate the remainder when 34 is divided by 22.
12
Calculate the remainder when 215 is divided by 117.
98
What is the remainder when 689 is divided by 2?
1
What is the remainder when 1550 is divided by 156?
146
Calculate the remainder when 579 is divided by 118.
107
What is the remainder when 4000 is divided by 23?
21
What is the remainder when 71 is divided by 17?
3
What is the remainder when 50 is divided by 47?
3
Calculate the remainder when 207 is divided by 42.
39
Calculate the remainder when 859 is divided by 30.
19
Calculate the remainder when 67 is divided by 20.
7
What is the remainder when 77 is divided by 6?
5
What is the remainder when 221 is divided by 42?
11
What is the remainder when 3975 is divided by 142?
141
Calculate the remainder when 190 is divided by 49.
43
Calculate the remainder when 18 is divided by 6.
0
Calculate the remainder when 49 is divided by 24.
1
What is the remainder when 4927 is divided by 22?
21
What is the remainder when 2155 is divided by 86?
5
What is the remainder when 6064 is divided by 92?
84
Calculate the remainder when 73 is divided by 29.
15
What is the remainder when 600 is divided by 299?
2
Calculate the remainder when 149 is divided by 51.
47
Calculate the remainder when 213 is divided by 43.
41
What is the remainder when 1450 is divided by 133?
120
What is the remainder when 571 is divided by 28?
11
What is the remainder when 81 is divided by 10?
1
Calculate the remainder when 72 is divided by 59.
13
Calculate the remainder when 342 is divided by 67.
7
Calculate the remainder when 567 is divided by 115.
107
What is the remainder when 98 is divided by 92?
6
Calculate the remainder when 1064 is divided by 316.
116
Calculate the remainder when 45 is divided by 28.
17
Calculate the remainder when 264 is divided by 82.
18
What is the remainder when 310 is divided by 55?
35
Calculate the remainder when 1453 is divided by 362.
5
What is the remainder when 229 is divided by 48?
37
What is the remainder when 1629 is divided by 32?
29
Calculate the remainder when 264 is divided by 7.
5
Calculate the remainder when 585 is divided by 194.
3
What is the remainder when 4474 is divided by 187?
173
Calculate the remainder when 504 is divided by 97.
19
Calculate the remainder when 142 is divided by 76.
66
What is the remainder when 867 is divided by 57?
12
Calculate the remainder when 263 is divided by 8.
7
Calculate the remainder when 3705 is divided by 34.
33
What is the remainder when 229 is divided by 92?
45
What is the remainder when 24 is divided by 1?
0
Calculate the remainder when 42 is divided by 31.
11
Calculate the remainder when 303 is divided by 47.
21
Calculate the remainder when 94 is divided by 24.
22
Calculate the remainder when 11795 is divided by 47.
45
Calculate the remainder when 940 is divided by 102.
22
Calculate the remainder when 1290 is divided by 162.
156
Calculate the remainder when 1810 is divided by 597.
19
What is the remainder when 957 is divided by 319?
0
Calculate the remainder when 1704 is divided by 155.
154
What is the remainder when 139 is divided by 38?
25
Calculate the remainder when 13542 is divided by 15.
12
Calculate the remainder when 351 is divided by 29.
3
Calculate the remainder when 433 is divided by 234.
199
What is the remainder when 1037 is divided by 65?
62
Calculate the remainder when 4089 is divided by 66.
63
What is the remainder when 933 is divided by 424?
85
What is the remainder when 87 is divided by 15?
12
What is the remainder when 1125 is divided by 404?
317
What is the remainder when 2089 is divided by 151?
126
What is the remainder when 359 is divided by 24?
23
What is the remainder when 131 is divided by 29?
15
What is the remainder when 285 is divided by 8?
5
What is the remainder when 402 is divided by 15?
12
What is the remainder when 116 is divided by 24?
20
Calculate the remainder when 1664 is divided by 824.
16
Calculate the remainder when 255 is divided by 31.
7
Calculate the remainder when 257 is divided by 37.
35
Calculate the remainder when 1870 is divided by 133.
8
What is the remainder when 117 is divided by 7?
5
Calculate the remainder when 493 is divided by 149.
46
What is the remainder when 220 is divided by 128?
92
What is the remainder when 117 is divided by 19?
3
What is the remainder when 576 is divided by 192?
0
What is the remainder when 768 is divided by 77?
75
What is the remainder when 431 is divided by 24?
23
Calculate the remainder when 361 is divided by 16.
9
What is the remainder when 1346 is divided by 673?
0
Calculate the remainder when 1486 is divided by 68.
58
What is the remainder when 2433 is divided by 7?
4
What is the remainder when 138 is divided by 47?
44
What is the remainder when 1069 is divided by 43?
37
What is the remainder when 1928 is divided by 80?
8
What is the remainder when 170 is divided by 86?
84
What is the remainder when 3059 is divided by 85?
84
What is the remainder when 3410 is divided by 244?
238
What is the remainder when 496 is divided by 101?
92
Calculate the remainder when 1869 is divided by 52.
49
What is the remainder when 1515 is divided by 23?
20
Calculate the remainder when 324 is divided by 77.
16
Calculate the remainder when 975 is divided by 330.
315
Calculate the remainder when 171 is divided by 45.
36
Calculate the remainder when 757 is divided by 33.
31
What is the remainder when 34 is divided by 5?
4
What is the remainder when 1591 is divided by 424?
319
What is the remainder when 5309 is divided by 32?
29
What is the remainder when 197 is divided by 22?
21
What is the remainder when 3242 is divided by 191?
186
Calculate the remainder when 971 is divided by 43.
25
What is the remainder when 575 is divided by 96?
95
Calculate the remainder when 1330 is divided by 43.
40
What is the remainder when 1802 is divided by 448?
10
What is the remainder when 1804 is divided by 450?
4
What is the remainder when 1222 is divided by 11?
1
Calculate the remainder when 117 is divided by 40.
37
What is the remainder when 603 is divided by 76?
71
Calculate the remainder when 119 is divided by 26.
15
What is the remainde